{"id":9,"date":"2025-05-15T09:00:45","date_gmt":"2025-05-15T09:00:45","guid":{"rendered":"https:\/\/precisodeajuda.pt\/pessoasestrangeiras\/?page_id=9"},"modified":"2025-12-30T17:01:41","modified_gmt":"2025-12-30T17:01:41","slug":"pessoas-migrantes","status":"publish","type":"page","link":"https:\/\/precisodeajuda.pt\/pessoasestrangeiras\/pessoas-migrantes\/","title":{"rendered":"Pessoas Migrantes"},"content":{"rendered":"\t\t<div data-elementor-type=\"wp-post\" data-elementor-id=\"9\" class=\"elementor elementor-9\" data-elementor-post-type=\"page\">\n\t\t\t\t<div class=\"elementor-element elementor-element-55cd0775 e-con-full e-flex e-con e-parent\" data-id=\"55cd0775\" data-element_type=\"container\" data-e-type=\"container\" data-settings=\"{&quot;background_background&quot;:&quot;classic&quot;}\">\n\t\t<div class=\"elementor-element elementor-element-26b6ba50 e-con-full e-flex e-con e-child\" data-id=\"26b6ba50\" data-element_type=\"container\" data-e-type=\"container\">\n\t\t<div class=\"elementor-element elementor-element-7cc7c6ae e-con-full e-flex e-con e-child\" data-id=\"7cc7c6ae\" data-element_type=\"container\" data-e-type=\"container\">\n\t\t\t\t<div class=\"elementor-element elementor-element-ae3962 elementor-widget elementor-widget-heading\" data-id=\"ae3962\" data-element_type=\"widget\" data-e-type=\"widget\" data-widget_type=\"heading.default\">\n\t\t\t\t<div class=\"elementor-widget-container\">\n\t\t\t\t\t<h1 class=\"elementor-heading-title elementor-size-default\">Pessoas Migrantes<\/h1>\t\t\t\t<\/div>\n\t\t\t\t<\/div>\n\t\t\t\t<\/div>\n\t\t\t\t<\/div>\n\t\t\t\t<\/div>\n\t\t<div class=\"elementor-element elementor-element-7e402010 e-con-full e-flex e-con e-parent\" data-id=\"7e402010\" data-element_type=\"container\" data-e-type=\"container\" data-settings=\"{&quot;background_background&quot;:&quot;classic&quot;}\">\n\t\t<div class=\"elementor-element elementor-element-1a280b5c e-con-full e-flex e-con e-child\" data-id=\"1a280b5c\" data-element_type=\"container\" data-e-type=\"container\">\n\t\t<div class=\"elementor-element elementor-element-1fbe2ec6 e-con-full e-flex e-con e-child\" data-id=\"1fbe2ec6\" data-element_type=\"container\" data-e-type=\"container\">\n\t\t\t\t<div class=\"elementor-element elementor-element-df2c15b elementor-widget elementor-widget-heading\" data-id=\"df2c15b\" data-element_type=\"widget\" data-e-type=\"widget\" data-widget_type=\"heading.default\">\n\t\t\t\t<div class=\"elementor-widget-container\">\n\t\t\t\t\t<h2 class=\"elementor-heading-title elementor-size-default\">Vulnerabilidade\u200b<\/h2>\t\t\t\t<\/div>\n\t\t\t\t<\/div>\n\t\t\t\t<div class=\"elementor-element elementor-element-2cc9b1be elementor-widget__width-initial elementor-widget elementor-widget-text-editor\" data-id=\"2cc9b1be\" data-element_type=\"widget\" data-e-type=\"widget\" data-widget_type=\"text-editor.default\">\n\t\t\t\t<div class=\"elementor-widget-container\">\n\t\t\t\t\t\t\t\t\t<p>A vulnerabilidade de uma pessoa migrante resulta da interse\u00e7\u00e3o entre v\u00e1rias caracter\u00edsticas e circunst\u00e2ncias individuais, da fam\u00edlia e pessoas pr\u00f3ximas, da comunidade e das estruturas sociais. O grau de vulnerabilidade de uma pessoa migrante, depende, assim, de uma s\u00e9rie de fatores que se influenciam mutuamente e que se relacionam com as suas caracter\u00edsticas sociodemogr\u00e1ficas, as suas compet\u00eancias (conhecimentos, forma\u00e7\u00e3o, rede de suporte acesso a recursos, acesso a informa\u00e7\u00e3o), a sua localiza\u00e7\u00e3o (se est\u00e3o em tr\u00e2nsito, numa habita\u00e7\u00e3o no pa\u00eds de destino, em instala\u00e7\u00f5es de acolhimento, na fronteira) e os fatores que podem despoletar uma situa\u00e7\u00e3o de crise ou ter impacto (separa\u00e7\u00e3o de pessoas, perda e falta de recursos e oportunidades, discrimina\u00e7\u00e3o no acesso a recursos). A vulnerabilidade pode ainda manifestar-se na dificuldade ou impossibilidade de aceder a direitos e prote\u00e7\u00e3o (prote\u00e7\u00e3o jur\u00eddica, f\u00edsica e humanit\u00e1ria).<\/p><p><br>Neste contexto, existem pessoas que pelas suas circunst\u00e2ncias apresentam uma vulnerabilidade ainda maior: crian\u00e7as, crian\u00e7as desacompanhadas, pessoas LGBTI, pessoas com defici\u00eancia, pessoas com problemas de sa\u00fade mental, pessoas v\u00edtimas de alguma forma de crime ou viol\u00eancia. Estas pessoas necessitam de maior aten\u00e7\u00e3o por parte dos estados e das v\u00e1rias entidades, que t\u00eam o dever de as proteger.<\/p><p><br>\u00c9 essencial que as necessidades de pessoas migrantes vulner\u00e1veis a situa\u00e7\u00f5es de viol\u00eancia, explora\u00e7\u00e3o e abuso sob qualquer forma sejam identificadas por qualquer profissional que com elas tenha contacto, no sentido de promover uma r\u00e1pida interven\u00e7\u00e3o ou encaminhamento, promovendo ainda a continuidade do acompanhamento. <\/p>\t\t\t\t\t\t\t\t<\/div>\n\t\t\t\t<\/div>\n\t\t\t\t<\/div>\n\t\t\t\t<\/div>\n\t\t<div class=\"elementor-element elementor-element-615a765f e-con-full e-flex e-con e-child\" data-id=\"615a765f\" data-element_type=\"container\" data-e-type=\"container\" data-settings=\"{&quot;background_background&quot;:&quot;classic&quot;}\">\n\t\t\t\t<\/div>\n\t\t\t\t<\/div>\n\t\t<div class=\"elementor-element elementor-element-117ecf45 e-con-full e-flex e-con e-parent\" data-id=\"117ecf45\" data-element_type=\"container\" data-e-type=\"container\" data-settings=\"{&quot;background_background&quot;:&quot;classic&quot;}\">\n\t\t<div class=\"elementor-element elementor-element-65bcba93 e-con-full e-flex e-con e-child\" data-id=\"65bcba93\" data-element_type=\"container\" data-e-type=\"container\">\n\t\t\t\t<div class=\"elementor-element elementor-element-46d3797f elementor-widget elementor-widget-heading\" data-id=\"46d3797f\" data-element_type=\"widget\" data-e-type=\"widget\" data-widget_type=\"heading.default\">\n\t\t\t\t<div class=\"elementor-widget-container\">\n\t\t\t\t\t<h2 class=\"elementor-heading-title elementor-size-default\">Viol\u00eancia contra pessoas migrantes<\/h2>\t\t\t\t<\/div>\n\t\t\t\t<\/div>\n\t\t\t\t<div class=\"elementor-element elementor-element-291e9320 elementor-widget__width-initial elementor-widget elementor-widget-text-editor\" data-id=\"291e9320\" data-element_type=\"widget\" data-e-type=\"widget\" data-widget_type=\"text-editor.default\">\n\t\t\t\t<div class=\"elementor-widget-container\">\n\t\t\t\t\t\t\t\t\t<p>A falta de dados e estat\u00edsticas dispon\u00edveis sobre a viol\u00eancia experienciada por pessoas migrantes, limita o conhecimento e compreens\u00e3o da sua natureza e dimens\u00e3o. O facto de pessoas migrantes em situa\u00e7\u00e3o irregular frequentemente n\u00e3o apresentarem queixa ou den\u00fancia, significa que as situa\u00e7\u00f5es de vitima\u00e7\u00e3o que as afetam tamb\u00e9m n\u00e3o s\u00e3o identificadas nem contabilizadas. <br \/><br \/>Para muitas pessoas migrantes v\u00edtimas de crime, a op\u00e7\u00e3o de permanecer em situa\u00e7\u00f5es de viol\u00eancia \u00e9 prefer\u00edvel \u00e0 procura de ajuda e prote\u00e7\u00e3o, sobretudo porque temem repres\u00e1lias, temem o contacto com as autoridades e consequ\u00eancias relativamente ao processo migrat\u00f3rio, obten\u00e7\u00e3o de documenta\u00e7\u00e3o ou em \u00faltimo caso, a expuls\u00e3o do territ\u00f3rio nacional. <br \/><br \/>Ainda que n\u00e3o existam dados estat\u00edsticos concretos, \u00e9 poss\u00edvel perceber que determinadas formas de viol\u00eancia atingem as pessoas migrantes de forma desproporcional, sendo tamb\u00e9m aquelas \u00e0s quais estas pessoas se encontram mais vulner\u00e1veis.<\/p>\t\t\t\t\t\t\t\t<\/div>\n\t\t\t\t<\/div>\n\t\t\t\t<\/div>\n\t\t<div class=\"elementor-element elementor-element-4dfe5434 e-con-full e-flex e-con e-child\" data-id=\"4dfe5434\" data-element_type=\"container\" data-e-type=\"container\">\n\t\t\t\t<div class=\"elementor-element elementor-element-4d84b0a1 elementor-widget elementor-widget-heading\" data-id=\"4d84b0a1\" data-element_type=\"widget\" data-e-type=\"widget\" data-widget_type=\"heading.default\">\n\t\t\t\t<div class=\"elementor-widget-container\">\n\t\t\t\t\t<h3 class=\"elementor-heading-title elementor-size-default\">&gt; Viol\u00eancia baseada no g\u00e9nero<\/h3>\t\t\t\t<\/div>\n\t\t\t\t<\/div>\n\t\t\t\t<div class=\"elementor-element elementor-element-32a3044b elementor-widget__width-initial elementor-widget elementor-widget-text-editor\" data-id=\"32a3044b\" data-element_type=\"widget\" data-e-type=\"widget\" data-widget_type=\"text-editor.default\">\n\t\t\t\t<div class=\"elementor-widget-container\">\n\t\t\t\t\t\t\t\t\t<p>A viol\u00eancia baseada no g\u00e9nero \u00e9 tanto um motivo para as pessoas abandonarem o seu pa\u00eds de origem, como uma realidade durante o tr\u00e2nsito e a vida nos pa\u00edses de destino. Esta forma de viol\u00eancia afeta sobretudo mulheres e meninas, mas \u00e9 tamb\u00e9m frequente relativamente a pessoas LGBTI+ que n\u00e3o sejam mulheres nem meninas. As mulheres e meninas s\u00e3o de forma geral mais vulner\u00e1veis a viol\u00eancia infligida por traficantes, autoridades ou pessoas individuais nos pa\u00edses de origem, tr\u00e2nsito e acolhimento (incluindo em estruturas de acolhimento e deten\u00e7\u00e3o). Esta forma de viol\u00eancia continua nos pa\u00edses de acolhimento, onde as mulheres migrantes est\u00e3o em situa\u00e7\u00e3o de vulnerabilidade econ\u00f3mica, dependentes de processos administrativos, socialmente isoladas ou mesmo fisicamente isoladas. Estas circunst\u00e2ncias s\u00e3o especialmente evidentes em situa\u00e7\u00f5es de mulheres que migram ao abrigo de processos de reagrupamento familiar ou mulheres em situa\u00e7\u00e3o irregular.<\/p><p>Para muitas pessoas migrantes v\u00edtimas de crime, a op\u00e7\u00e3o de permanecer em situa\u00e7\u00f5es de viol\u00eancia \u00e9 prefer\u00edvel \u00e0 procura de ajuda e prote\u00e7\u00e3o, sobretudo porque temem repres\u00e1lias, temem o contacto com as autoridades e consequ\u00eancias relativamente ao processo migrat\u00f3rio, obten\u00e7\u00e3o de documenta\u00e7\u00e3o ou em \u00faltimo caso, a expuls\u00e3o do territ\u00f3rio nacional.<\/p><p>Ainda que n\u00e3o existam dados estat\u00edsticos concretos, \u00e9 poss\u00edvel perceber que determinadas formas de viol\u00eancia atingem as pessoas migrantes de forma desproporcional, sendo tamb\u00e9m aquelas \u00e0s quais estas pessoas se encontram mais vulner\u00e1veis.<\/p>\t\t\t\t\t\t\t\t<\/div>\n\t\t\t\t<\/div>\n\t\t\t\t<\/div>\n\t\t\t\t<div class=\"elementor-element elementor-element-5c46e49f elementor-widget__width-initial elementor-widget elementor-widget-n-accordion\" data-id=\"5c46e49f\" data-element_type=\"widget\" data-e-type=\"widget\" data-settings=\"{&quot;default_state&quot;:&quot;expanded&quot;,&quot;max_items_expended&quot;:&quot;one&quot;,&quot;n_accordion_animation_duration&quot;:{&quot;unit&quot;:&quot;ms&quot;,&quot;size&quot;:400,&quot;sizes&quot;:[]}}\" data-widget_type=\"nested-accordion.default\">\n\t\t\t\t<div class=\"elementor-widget-container\">\n\t\t\t\t\t\t\t<div class=\"e-n-accordion\" aria-label=\"Accordion. Open links with Enter or Space, close with Escape, and navigate with Arrow Keys\">\n\t\t\t\t\t\t<details id=\"e-n-accordion-item-1540\" class=\"e-n-accordion-item\" open>\n\t\t\t\t<summary class=\"e-n-accordion-item-title\" data-accordion-index=\"1\" tabindex=\"0\" aria-expanded=\"true\" aria-controls=\"e-n-accordion-item-1540\" >\n\t\t\t\t\t<span class='e-n-accordion-item-title-header'><div class=\"e-n-accordion-item-title-text\"> Viol\u00eancia dom\u00e9stica  <\/div><\/span>\n\t\t\t\t\t\t\t<span class='e-n-accordion-item-title-icon'>\n\t\t\t<span class='e-opened' ><svg aria-hidden=\"true\" class=\"e-font-icon-svg e-fas-minus\" viewBox=\"0 0 448 512\" xmlns=\"http:\/\/www.w3.org\/2000\/svg\"><path d=\"M416 208H32c-17.67 0-32 14.33-32 32v32c0 17.67 14.33 32 32 32h384c17.67 0 32-14.33 32-32v-32c0-17.67-14.33-32-32-32z\"><\/path><\/svg><\/span>\n\t\t\t<span class='e-closed'><svg aria-hidden=\"true\" class=\"e-font-icon-svg e-fas-plus\" viewBox=\"0 0 448 512\" xmlns=\"http:\/\/www.w3.org\/2000\/svg\"><path d=\"M416 208H272V64c0-17.67-14.33-32-32-32h-32c-17.67 0-32 14.33-32 32v144H32c-17.67 0-32 14.33-32 32v32c0 17.67 14.33 32 32 32h144v144c0 17.67 14.33 32 32 32h32c17.67 0 32-14.33 32-32V304h144c17.67 0 32-14.33 32-32v-32c0-17.67-14.33-32-32-32z\"><\/path><\/svg><\/span>\n\t\t<\/span>\n\n\t\t\t\t\t\t<\/summary>\n\t\t\t\t<div role=\"region\" aria-labelledby=\"e-n-accordion-item-1540\" class=\"elementor-element elementor-element-5cdc4be8 e-con-full e-flex e-con e-child\" data-id=\"5cdc4be8\" data-element_type=\"container\" data-e-type=\"container\">\n\t\t\t\t<div class=\"elementor-element elementor-element-7fda7b71 elementor-widget__width-initial elementor-widget elementor-widget-text-editor\" data-id=\"7fda7b71\" data-element_type=\"widget\" data-e-type=\"widget\" data-widget_type=\"text-editor.default\">\n\t\t\t\t<div class=\"elementor-widget-container\">\n\t\t\t\t\t\t\t\t\t<p>Em Portugal a viol\u00eancia dom\u00e9stica \u00e9 crime e existem uma s\u00e9rie de medidas previstas por lei para proteger e apoiar as v\u00edtimas. Mais informa\u00e7\u00e3o:<\/p>\t\t\t\t\t\t\t\t<\/div>\n\t\t\t\t<\/div>\n\t\t\t\t<div class=\"elementor-element elementor-element-16613fb elementor-tablet-align-center elementor-mobile-align-justify elementor-widget-tablet__width-initial elementor-widget-mobile__width-inherit elementor-widget elementor-widget-button\" data-id=\"16613fb\" data-element_type=\"widget\" data-e-type=\"widget\" data-widget_type=\"button.default\">\n\t\t\t\t<div class=\"elementor-widget-container\">\n\t\t\t\t\t\t\t\t\t<div class=\"elementor-button-wrapper\">\n\t\t\t\t\t<a class=\"elementor-button elementor-button-link elementor-size-lg\" href=\"http:\/\/precisodeajuda.pt\/vd\" target=\"_blank\">\n\t\t\t\t\t\t<span class=\"elementor-button-content-wrapper\">\n\t\t\t\t\t\t\t\t\t<span class=\"elementor-button-text\">APAV | Viol\u00eancia Dom\u00e9stica &gt;<\/span>\n\t\t\t\t\t<\/span>\n\t\t\t\t\t<\/a>\n\t\t\t\t<\/div>\n\t\t\t\t\t\t\t\t<\/div>\n\t\t\t\t<\/div>\n\t\t\t\t<\/div>\n\t\t\t\t\t<\/details>\n\t\t\t\t\t\t<details id=\"e-n-accordion-item-1541\" class=\"e-n-accordion-item\" >\n\t\t\t\t<summary class=\"e-n-accordion-item-title\" data-accordion-index=\"2\" tabindex=\"-1\" aria-expanded=\"false\" aria-controls=\"e-n-accordion-item-1541\" >\n\t\t\t\t\t<span class='e-n-accordion-item-title-header'><div class=\"e-n-accordion-item-title-text\"> Viol\u00eancia sexual  <\/div><\/span>\n\t\t\t\t\t\t\t<span class='e-n-accordion-item-title-icon'>\n\t\t\t<span class='e-opened' ><svg aria-hidden=\"true\" class=\"e-font-icon-svg e-fas-minus\" viewBox=\"0 0 448 512\" xmlns=\"http:\/\/www.w3.org\/2000\/svg\"><path d=\"M416 208H32c-17.67 0-32 14.33-32 32v32c0 17.67 14.33 32 32 32h384c17.67 0 32-14.33 32-32v-32c0-17.67-14.33-32-32-32z\"><\/path><\/svg><\/span>\n\t\t\t<span class='e-closed'><svg aria-hidden=\"true\" class=\"e-font-icon-svg e-fas-plus\" viewBox=\"0 0 448 512\" xmlns=\"http:\/\/www.w3.org\/2000\/svg\"><path d=\"M416 208H272V64c0-17.67-14.33-32-32-32h-32c-17.67 0-32 14.33-32 32v144H32c-17.67 0-32 14.33-32 32v32c0 17.67 14.33 32 32 32h144v144c0 17.67 14.33 32 32 32h32c17.67 0 32-14.33 32-32V304h144c17.67 0 32-14.33 32-32v-32c0-17.67-14.33-32-32-32z\"><\/path><\/svg><\/span>\n\t\t<\/span>\n\n\t\t\t\t\t\t<\/summary>\n\t\t\t\t<div role=\"region\" aria-labelledby=\"e-n-accordion-item-1541\" class=\"elementor-element elementor-element-36e7cb9e e-con-full e-flex e-con e-child\" data-id=\"36e7cb9e\" data-element_type=\"container\" data-e-type=\"container\">\n\t\t\t\t<div class=\"elementor-element elementor-element-2323c776 elementor-widget__width-initial elementor-widget elementor-widget-text-editor\" data-id=\"2323c776\" data-element_type=\"widget\" data-e-type=\"widget\" data-widget_type=\"text-editor.default\">\n\t\t\t\t<div class=\"elementor-widget-container\">\n\t\t\t\t\t\t\t\t\t<p>Em Portugal, qualquer comportamento ou acto sexual cometido contra uma pessoa adulta sem que esta deseje ou consinta \u00e9 considerado viol\u00eancia sexual. Mais informa\u00e7\u00e3o sobre viol\u00eancia sexual cometida contra pessoas adultas ou cometida contra crian\u00e7as e jovens:<\/p>\t\t\t\t\t\t\t\t<\/div>\n\t\t\t\t<\/div>\n\t\t\t\t<div class=\"elementor-element elementor-element-11eed7b elementor-tablet-align-center elementor-mobile-align-justify elementor-widget-tablet__width-initial elementor-widget-mobile__width-inherit elementor-widget elementor-widget-button\" data-id=\"11eed7b\" data-element_type=\"widget\" data-e-type=\"widget\" data-widget_type=\"button.default\">\n\t\t\t\t<div class=\"elementor-widget-container\">\n\t\t\t\t\t\t\t\t\t<div class=\"elementor-button-wrapper\">\n\t\t\t\t\t<a class=\"elementor-button elementor-button-link elementor-size-lg\" href=\"https:\/\/precisodeajuda.pt\/crimes-sexuais\/\" target=\"_blank\">\n\t\t\t\t\t\t<span class=\"elementor-button-content-wrapper\">\n\t\t\t\t\t\t\t\t\t<span class=\"elementor-button-text\">APAV \u2013 Crimes Sexuais contra Adultos &gt;<\/span>\n\t\t\t\t\t<\/span>\n\t\t\t\t\t<\/a>\n\t\t\t\t<\/div>\n\t\t\t\t\t\t\t\t<\/div>\n\t\t\t\t<\/div>\n\t\t\t\t<div class=\"elementor-element elementor-element-1bc7ad8 elementor-tablet-align-center elementor-mobile-align-justify elementor-widget-tablet__width-initial elementor-widget-mobile__width-inherit elementor-widget elementor-widget-button\" data-id=\"1bc7ad8\" data-element_type=\"widget\" data-e-type=\"widget\" data-widget_type=\"button.default\">\n\t\t\t\t<div class=\"elementor-widget-container\">\n\t\t\t\t\t\t\t\t\t<div class=\"elementor-button-wrapper\">\n\t\t\t\t\t<a class=\"elementor-button elementor-button-link elementor-size-lg\" href=\"http:\/\/apav.pt\/care\" target=\"_blank\">\n\t\t\t\t\t\t<span class=\"elementor-button-content-wrapper\">\n\t\t\t\t\t\t\t\t\t<span class=\"elementor-button-text\">APAV \u2013 Crimes Sexuais contra Crian\u00e7as &gt;<\/span>\n\t\t\t\t\t<\/span>\n\t\t\t\t\t<\/a>\n\t\t\t\t<\/div>\n\t\t\t\t\t\t\t\t<\/div>\n\t\t\t\t<\/div>\n\t\t\t\t<\/div>\n\t\t\t\t\t<\/details>\n\t\t\t\t\t\t<details id=\"e-n-accordion-item-1542\" class=\"e-n-accordion-item\" >\n\t\t\t\t<summary class=\"e-n-accordion-item-title\" data-accordion-index=\"3\" tabindex=\"-1\" aria-expanded=\"false\" aria-controls=\"e-n-accordion-item-1542\" >\n\t\t\t\t\t<span class='e-n-accordion-item-title-header'><div class=\"e-n-accordion-item-title-text\"> Pr\u00e1ticas tradicionais nefastas <\/div><\/span>\n\t\t\t\t\t\t\t<span class='e-n-accordion-item-title-icon'>\n\t\t\t<span class='e-opened' ><svg aria-hidden=\"true\" class=\"e-font-icon-svg e-fas-minus\" viewBox=\"0 0 448 512\" xmlns=\"http:\/\/www.w3.org\/2000\/svg\"><path d=\"M416 208H32c-17.67 0-32 14.33-32 32v32c0 17.67 14.33 32 32 32h384c17.67 0 32-14.33 32-32v-32c0-17.67-14.33-32-32-32z\"><\/path><\/svg><\/span>\n\t\t\t<span class='e-closed'><svg aria-hidden=\"true\" class=\"e-font-icon-svg e-fas-plus\" viewBox=\"0 0 448 512\" xmlns=\"http:\/\/www.w3.org\/2000\/svg\"><path d=\"M416 208H272V64c0-17.67-14.33-32-32-32h-32c-17.67 0-32 14.33-32 32v144H32c-17.67 0-32 14.33-32 32v32c0 17.67 14.33 32 32 32h144v144c0 17.67 14.33 32 32 32h32c17.67 0 32-14.33 32-32V304h144c17.67 0 32-14.33 32-32v-32c0-17.67-14.33-32-32-32z\"><\/path><\/svg><\/span>\n\t\t<\/span>\n\n\t\t\t\t\t\t<\/summary>\n\t\t\t\t<div role=\"region\" aria-labelledby=\"e-n-accordion-item-1542\" class=\"elementor-element elementor-element-8d81866 e-con-full e-flex e-con e-child\" data-id=\"8d81866\" data-element_type=\"container\" data-e-type=\"container\">\n\t\t\t\t<div class=\"elementor-element elementor-element-5084d244 elementor-widget__width-initial elementor-widget elementor-widget-text-editor\" data-id=\"5084d244\" data-element_type=\"widget\" data-e-type=\"widget\" data-widget_type=\"text-editor.default\">\n\t\t\t\t<div class=\"elementor-widget-container\">\n\t\t\t\t\t\t\t\t\t<p>Actos e pr\u00e1ticas determinadas por normas sociais que perpetuam a desigualdade de mulheres e crian\u00e7as, baseadas no g\u00e9nero, idade ou outros factores e que s\u00e3o impostas a uma pessoa ou grupo, frequentemente atrav\u00e9s de viol\u00eancia e causam danos e sofrimento f\u00edsico e\/ou psicol\u00f3gico. Os exemplos mais comuns s\u00e3o a Mutila\u00e7\u00e3o Genital Feminina (MGF), os casamentos infantis, preoces e\/ou for\u00e7ados e os crimes de honra.\u00a0<\/p>\t\t\t\t\t\t\t\t<\/div>\n\t\t\t\t<\/div>\n\t\t\t\t<\/div>\n\t\t\t\t\t<\/details>\n\t\t\t\t\t<\/div>\n\t\t\t\t\t\t<\/div>\n\t\t\t\t<\/div>\n\t\t<div class=\"elementor-element elementor-element-13fdd3d0 e-con-full e-flex e-con e-child\" data-id=\"13fdd3d0\" data-element_type=\"container\" data-e-type=\"container\">\n\t\t\t\t<div class=\"elementor-element elementor-element-3d0a91f8 elementor-widget elementor-widget-heading\" data-id=\"3d0a91f8\" data-element_type=\"widget\" data-e-type=\"widget\" data-widget_type=\"heading.default\">\n\t\t\t\t<div class=\"elementor-widget-container\">\n\t\t\t\t\t<h3 class=\"elementor-heading-title elementor-size-default\">&gt; Explora\u00e7\u00e3o e o Tr\u00e1fico de Pessoas<\/h3>\t\t\t\t<\/div>\n\t\t\t\t<\/div>\n\t\t\t\t<div class=\"elementor-element elementor-element-338e875b elementor-widget__width-initial elementor-widget elementor-widget-text-editor\" data-id=\"338e875b\" data-element_type=\"widget\" data-e-type=\"widget\" data-widget_type=\"text-editor.default\">\n\t\t\t\t<div class=\"elementor-widget-container\">\n\t\t\t\t\t\t\t\t\t<p>As pessoas migrantes s\u00e3o extremamente vulner\u00e1veis a situa\u00e7\u00f5es de explora\u00e7\u00e3o e tr\u00e1fico de seres humanos que podem ter in\u00edcio nos pa\u00edses de origem e resultar na explora\u00e7\u00e3o nos pa\u00edses de destino, ou podem come\u00e7ar nos pa\u00edses de destino ap\u00f3s sua chegada.<\/p><p>Embora seja claramente identificado em todos os pa\u00edses do mundo, o tr\u00e1fico de pessoas continua a ser um crime oculto, que prospera com as crises econ\u00f3micas e sociais, sujeitando as v\u00edtimas \u00e0s mais variadas formas de explora\u00e7\u00e3o. Segundo a ONU, mais de metade das v\u00edtimas detetadas globalmente s\u00e3o mulheres e meninas. Por outro lado, as pessoas migrantes, incluindo homens e rapazes representam uma parte significativa das v\u00edtimas de tr\u00e1fico de pessoas identificadas na maioria das regi\u00f5es do mundo. Em Portugal, a maioria das v\u00edtimas identificadas nos \u00faltimos anos s\u00e3o homens migrantes v\u00edtimas de explora\u00e7\u00e3o laboral<\/p>\t\t\t\t\t\t\t\t<\/div>\n\t\t\t\t<\/div>\n\t\t\t\t<\/div>\n\t\t<div class=\"elementor-element elementor-element-41c70f18 e-con-full e-flex e-con e-child\" data-id=\"41c70f18\" data-element_type=\"container\" data-e-type=\"container\">\n\t\t\t\t<div class=\"elementor-element elementor-element-1855b0bf elementor-widget elementor-widget-heading\" data-id=\"1855b0bf\" data-element_type=\"widget\" data-e-type=\"widget\" data-widget_type=\"heading.default\">\n\t\t\t\t<div class=\"elementor-widget-container\">\n\t\t\t\t\t<h3 class=\"elementor-heading-title elementor-size-default\">&gt; Discrimina\u00e7\u00e3o e Crimes do \u00d3dio<\/h3>\t\t\t\t<\/div>\n\t\t\t\t<\/div>\n\t\t\t\t<div class=\"elementor-element elementor-element-c92f176 elementor-widget__width-initial elementor-widget elementor-widget-text-editor\" data-id=\"c92f176\" data-element_type=\"widget\" data-e-type=\"widget\" data-widget_type=\"text-editor.default\">\n\t\t\t\t<div class=\"elementor-widget-container\">\n\t\t\t\t\t\t\t\t\t<p>As pessoas migrantes s\u00e3o frequentemente sujeitas a situa\u00e7\u00f5es de crime e viol\u00eancia motivada por discrimina\u00e7\u00e3o racial. Por outro lado, a pr\u00f3pria circunst\u00e2ncia de n\u00e3o ter a nacionalidade do pa\u00eds onde se encontra ou de se encontrar indocumentada\/o no territ\u00f3rio nacional, bem como a afilia\u00e7\u00e3o religiosa (real ou percecionada) e a express\u00e3o de g\u00e9nero, s\u00e3o comumente os motivos subjacentes a uma s\u00e9rie de atos discriminat\u00f3rios. A intersec\u00e7\u00e3o de uma s\u00e9rie de vulnerabilidades e caracter\u00edsticas, contribui substancialmente para o risco de serem sujeitas a v\u00e1rias formas de discrimina\u00e7\u00e3o, que frequentemente n\u00e3o s\u00e3o denunciadas.<br \/>A discrimina\u00e7\u00e3o pode ocorrer em contextos diversos e assumir diferentes formas: discrimina\u00e7\u00e3o no acesso a bens ou servi\u00e7os ou actos violentos com motivo discriminat\u00f3rio, contra uma pessoa ou contra um grupo de pessoas. Mais informa\u00e7\u00e3o sobre discrimina\u00e7\u00e3o e crimes de \u00f3dio aqui:<\/p>\t\t\t\t\t\t\t\t<\/div>\n\t\t\t\t<\/div>\n\t\t\t\t<div class=\"elementor-element elementor-element-62fb92c elementor-tablet-align-center elementor-mobile-align-justify elementor-widget-tablet__width-initial elementor-widget-mobile__width-inherit elementor-widget elementor-widget-button\" data-id=\"62fb92c\" data-element_type=\"widget\" data-e-type=\"widget\" data-widget_type=\"button.default\">\n\t\t\t\t<div class=\"elementor-widget-container\">\n\t\t\t\t\t\t\t\t\t<div class=\"elementor-button-wrapper\">\n\t\t\t\t\t<a class=\"elementor-button elementor-button-link elementor-size-lg\" href=\"http:\/\/precisodeajuda.pt\/discriminacao\" target=\"_blank\">\n\t\t\t\t\t\t<span class=\"elementor-button-content-wrapper\">\n\t\t\t\t\t\t\t\t\t<span class=\"elementor-button-text\">APAV | Discrimina\u00e7\u00e3o e Crimes de \u00d3dio &gt;<\/span>\n\t\t\t\t\t<\/span>\n\t\t\t\t\t<\/a>\n\t\t\t\t<\/div>\n\t\t\t\t\t\t\t\t<\/div>\n\t\t\t\t<\/div>\n\t\t\t\t<\/div>\n\t\t\t\t<\/div>\n\t\t\t\t<\/div>\n\t\t","protected":false},"excerpt":{"rendered":"<p>Pessoas Migrantes Vulnerabilidade\u200b A vulnerabilidade de uma pessoa migrante resulta da interse\u00e7\u00e3o entre v\u00e1rias caracter\u00edsticas e circunst\u00e2ncias individuais, da fam\u00edlia e pessoas pr\u00f3ximas, da comunidade e das estruturas sociais. O grau de vulnerabilidade de uma pessoa migrante, depende, assim, de uma s\u00e9rie de fatores que se influenciam mutuamente e que se relacionam com as suas [&hellip;]<\/p>\n","protected":false},"author":1,"featured_media":0,"parent":0,"menu_order":0,"comment_status":"closed","ping_status":"closed","template":"","meta":{"footnotes":""},"class_list":["post-9","page","type-page","status-publish","hentry"],"_links":{"self":[{"href":"https:\/\/precisodeajuda.pt\/pessoasestrangeiras\/wp-json\/wp\/v2\/pages\/9","targetHints":{"allow":["GET"]}}],"collection":[{"href":"https:\/\/precisodeajuda.pt\/pessoasestrangeiras\/wp-json\/wp\/v2\/pages"}],"about":[{"href":"https:\/\/precisodeajuda.pt\/pessoasestrangeiras\/wp-json\/wp\/v2\/types\/page"}],"author":[{"embeddable":true,"href":"https:\/\/precisodeajuda.pt\/pessoasestrangeiras\/wp-json\/wp\/v2\/users\/1"}],"replies":[{"embeddable":true,"href":"https:\/\/precisodeajuda.pt\/pessoasestrangeiras\/wp-json\/wp\/v2\/comments?post=9"}],"version-history":[{"count":34,"href":"https:\/\/precisodeajuda.pt\/pessoasestrangeiras\/wp-json\/wp\/v2\/pages\/9\/revisions"}],"predecessor-version":[{"id":491,"href":"https:\/\/precisodeajuda.pt\/pessoasestrangeiras\/wp-json\/wp\/v2\/pages\/9\/revisions\/491"}],"wp:attachment":[{"href":"https:\/\/precisodeajuda.pt\/pessoasestrangeiras\/wp-json\/wp\/v2\/media?parent=9"}],"curies":[{"name":"wp","href":"https:\/\/api.w.org\/{rel}","templated":true}]}}