{"id":7,"date":"2025-05-15T12:53:38","date_gmt":"2025-05-15T12:53:38","guid":{"rendered":"https:\/\/precisodeajuda.pt\/pessoasestrangeiras\/?page_id=7"},"modified":"2025-10-21T14:10:39","modified_gmt":"2025-10-21T14:10:39","slug":"consequencias-impacto","status":"publish","type":"page","link":"https:\/\/precisodeajuda.pt\/pessoasestrangeiras\/consequencias-impacto\/","title":{"rendered":"Consequ\u00eancias e Impacto"},"content":{"rendered":"\t\t<div data-elementor-type=\"wp-post\" data-elementor-id=\"7\" class=\"elementor elementor-7\" data-elementor-post-type=\"page\">\n\t\t\t\t<div class=\"elementor-element elementor-element-46b87de1 e-con-full e-flex e-con e-parent\" data-id=\"46b87de1\" data-element_type=\"container\" data-e-type=\"container\" data-settings=\"{&quot;background_background&quot;:&quot;classic&quot;}\">\n\t\t<div class=\"elementor-element elementor-element-295310c1 e-con-full e-flex e-con e-child\" data-id=\"295310c1\" data-element_type=\"container\" data-e-type=\"container\">\n\t\t<div class=\"elementor-element elementor-element-2e776f37 e-con-full e-flex e-con e-child\" data-id=\"2e776f37\" data-element_type=\"container\" data-e-type=\"container\">\n\t\t\t\t<div class=\"elementor-element elementor-element-1e7cd8ff elementor-widget elementor-widget-heading\" data-id=\"1e7cd8ff\" data-element_type=\"widget\" data-e-type=\"widget\" data-widget_type=\"heading.default\">\n\t\t\t\t<div class=\"elementor-widget-container\">\n\t\t\t\t\t<h1 class=\"elementor-heading-title elementor-size-default\">Consequ\u00eancias e Impacto<\/h1>\t\t\t\t<\/div>\n\t\t\t\t<\/div>\n\t\t\t\t<\/div>\n\t\t\t\t<\/div>\n\t\t\t\t<\/div>\n\t\t<div class=\"elementor-element elementor-element-567c2a75 e-con-full e-flex e-con e-parent\" data-id=\"567c2a75\" data-element_type=\"container\" data-e-type=\"container\" data-settings=\"{&quot;background_background&quot;:&quot;classic&quot;}\">\n\t\t<div class=\"elementor-element elementor-element-fb7a547 e-con-full e-flex e-con e-child\" data-id=\"fb7a547\" data-element_type=\"container\" data-e-type=\"container\">\n\t\t<div class=\"elementor-element elementor-element-14a9de8d e-con-full e-flex e-con e-child\" data-id=\"14a9de8d\" data-element_type=\"container\" data-e-type=\"container\">\n\t\t\t\t<div class=\"elementor-element elementor-element-260d48da elementor-widget elementor-widget-heading\" data-id=\"260d48da\" data-element_type=\"widget\" data-e-type=\"widget\" data-widget_type=\"heading.default\">\n\t\t\t\t<div class=\"elementor-widget-container\">\n\t\t\t\t\t<h2 class=\"elementor-heading-title elementor-size-default\">Aumento da vulnerabilidade<\/h2>\t\t\t\t<\/div>\n\t\t\t\t<\/div>\n\t\t\t\t<div class=\"elementor-element elementor-element-6148c7b7 elementor-widget__width-initial elementor-widget elementor-widget-text-editor\" data-id=\"6148c7b7\" data-element_type=\"widget\" data-e-type=\"widget\" data-widget_type=\"text-editor.default\">\n\t\t\t\t<div class=\"elementor-widget-container\">\n\t\t\t\t\t\t\t\t\t<p>Ser v\u00edtima de crime num pa\u00eds estrangeiro aumenta a vulnerabilidade que j\u00e1 caracteriza pessoas que se encontram fora do seu pa\u00eds de origem. O impacto \u00e9 sobretudo evidente no caso de pessoas migrantes que procuram integra\u00e7\u00e3o, melhores condi\u00e7\u00f5es de vida e estabilidade e que v\u00eaem o seu projecto migrat\u00f3rio comprometido.<\/p><p>Pessoas que se encontram em situa\u00e7\u00e3o irregular, enfrentam ainda a dificuldade de acesso \u00e0 justi\u00e7a e a apoio social, temendo frequentemente denunciar o crime de que foram alvo por temerem que o contacto com as autoridades leve \u00e0 expuls\u00e3o do territ\u00f3rio nacional. Isto resulta directamente numa maior vulnerabilidade a situa\u00e7\u00f5es de explora\u00e7\u00e3o e tr\u00e1fico de seres humanos e \u00e0 perman\u00eancia em situa\u00e7\u00f5es de vitima\u00e7\u00e3o durante mais tempo.<\/p><p>O mesmo acontece em situa\u00e7\u00f5es de viol\u00eancia dom\u00e9stica, que resultam frequentemente numa enorme desprotec\u00e7\u00e3o social e grande dificuldade de autonomiza\u00e7\u00e3o.<\/p>\t\t\t\t\t\t\t\t<\/div>\n\t\t\t\t<\/div>\n\t\t\t\t<div class=\"elementor-element elementor-element-4c00abd6 elementor-widget elementor-widget-heading\" data-id=\"4c00abd6\" data-element_type=\"widget\" data-e-type=\"widget\" data-widget_type=\"heading.default\">\n\t\t\t\t<div class=\"elementor-widget-container\">\n\t\t\t\t\t<h2 class=\"elementor-heading-title elementor-size-default\">Consequ\u00eancias psicol\u00f3gicas<\/h2>\t\t\t\t<\/div>\n\t\t\t\t<\/div>\n\t\t\t\t<div class=\"elementor-element elementor-element-15942efb elementor-widget__width-initial elementor-widget elementor-widget-text-editor\" data-id=\"15942efb\" data-element_type=\"widget\" data-e-type=\"widget\" data-widget_type=\"text-editor.default\">\n\t\t\t\t<div class=\"elementor-widget-container\">\n\t\t\t\t\t\t\t\t\t<p>Como qualquer v\u00edtima de crime e viol\u00eancia, as pessoas estrangeiras podem sofrer com o impacto psicol\u00f3gico que delas resulta. Este impacto \u00e9 acrescido no caso destas pessoas devido \u00e0 vulnerabilidade que j\u00e1 existia, mas sobretudo pelo sentimento de inseguran\u00e7a<\/p><p>e isolamento no pa\u00eds de acolhimento e pelos obst\u00e1culos que enfrentam no acesso a apoio especializado.<\/p><p>Uma pessoa estrangeira tem, por exemplo, muito maior dificuldade em pedir ajuda numa situa\u00e7\u00e3o de emerg\u00eancia, por n\u00e3o saber as entidades a que pode recorrer e\/ou pela barreira lingu\u00edstica, cultural e at\u00e9 pelo preconceito e tratamento diferenciado.<\/p><p>As respostas de apoio psicol\u00f3gico e de sa\u00fade mental adequadas s\u00e3o escassas, o que dificulta muito a recupera\u00e7\u00e3o de situa\u00e7\u00f5es traum\u00e1ticas e das suas v\u00e1rias manifesta\u00e7\u00f5es.<\/p>\t\t\t\t\t\t\t\t<\/div>\n\t\t\t\t<\/div>\n\t\t\t\t<div class=\"elementor-element elementor-element-1f068033 elementor-widget elementor-widget-heading\" data-id=\"1f068033\" data-element_type=\"widget\" data-e-type=\"widget\" data-widget_type=\"heading.default\">\n\t\t\t\t<div class=\"elementor-widget-container\">\n\t\t\t\t\t<h3 class=\"elementor-heading-title elementor-size-default\">Impacto social<\/h3>\t\t\t\t<\/div>\n\t\t\t\t<\/div>\n\t\t\t\t<div class=\"elementor-element elementor-element-2319a1db elementor-widget__width-initial elementor-widget elementor-widget-text-editor\" data-id=\"2319a1db\" data-element_type=\"widget\" data-e-type=\"widget\" data-widget_type=\"text-editor.default\">\n\t\t\t\t<div class=\"elementor-widget-container\">\n\t\t\t\t\t\t\t\t\t<p>O isolamento e dificuldade de exerc\u00edcio de direitos e de acesso a apoio adequado resulta numa maior exclus\u00e3o e dificuldade de integra\u00e7\u00e3o, que tem impacto nas comunidades migrantes, mas tamb\u00e9m na comunidade de acolhimento. O sentimento de inseguran\u00e7a e de aumento da criminalidade \u00e9 por vezes, ao contr\u00e1rio do que \u00e9 exposto por pol\u00edticos e comunica\u00e7\u00e3o social, resultado de situa\u00e7\u00f5es de viol\u00eancia contra pessoas estrangeiras e n\u00e3o cometida por elas.<\/p><p><br \/>O impacto das situa\u00e7\u00f5es de vitima\u00e7\u00e3o ser\u00e1 tanto menos quanto mais as estruturas de apoio e o sistema de justi\u00e7a e sa\u00fade forem adequados a todas as pessoas, incluindo pessoas n\u00e3o nacionais<\/p>\t\t\t\t\t\t\t\t<\/div>\n\t\t\t\t<\/div>\n\t\t\t\t<\/div>\n\t\t\t\t<\/div>\n\t\t<div class=\"elementor-element elementor-element-62e0f5a7 e-con-full e-flex e-con e-child\" data-id=\"62e0f5a7\" data-element_type=\"container\" data-e-type=\"container\" data-settings=\"{&quot;background_background&quot;:&quot;classic&quot;}\">\n\t\t\t\t<\/div>\n\t\t\t\t<\/div>\n\t\t\t\t<\/div>\n\t\t","protected":false},"excerpt":{"rendered":"<p>Consequ\u00eancias e Impacto Aumento da vulnerabilidade Ser v\u00edtima de crime num pa\u00eds estrangeiro aumenta a vulnerabilidade que j\u00e1 caracteriza pessoas que se encontram fora do seu pa\u00eds de origem. O impacto \u00e9 sobretudo evidente no caso de pessoas migrantes que procuram integra\u00e7\u00e3o, melhores condi\u00e7\u00f5es de vida e estabilidade e que v\u00eaem o seu projecto migrat\u00f3rio [&hellip;]<\/p>\n","protected":false},"author":1,"featured_media":0,"parent":0,"menu_order":0,"comment_status":"closed","ping_status":"closed","template":"","meta":{"footnotes":""},"class_list":["post-7","page","type-page","status-publish","hentry"],"_links":{"self":[{"href":"https:\/\/precisodeajuda.pt\/pessoasestrangeiras\/wp-json\/wp\/v2\/pages\/7","targetHints":{"allow":["GET"]}}],"collection":[{"href":"https:\/\/precisodeajuda.pt\/pessoasestrangeiras\/wp-json\/wp\/v2\/pages"}],"about":[{"href":"https:\/\/precisodeajuda.pt\/pessoasestrangeiras\/wp-json\/wp\/v2\/types\/page"}],"author":[{"embeddable":true,"href":"https:\/\/precisodeajuda.pt\/pessoasestrangeiras\/wp-json\/wp\/v2\/users\/1"}],"replies":[{"embeddable":true,"href":"https:\/\/precisodeajuda.pt\/pessoasestrangeiras\/wp-json\/wp\/v2\/comments?post=7"}],"version-history":[{"count":25,"href":"https:\/\/precisodeajuda.pt\/pessoasestrangeiras\/wp-json\/wp\/v2\/pages\/7\/revisions"}],"predecessor-version":[{"id":402,"href":"https:\/\/precisodeajuda.pt\/pessoasestrangeiras\/wp-json\/wp\/v2\/pages\/7\/revisions\/402"}],"wp:attachment":[{"href":"https:\/\/precisodeajuda.pt\/pessoasestrangeiras\/wp-json\/wp\/v2\/media?parent=7"}],"curies":[{"name":"wp","href":"https:\/\/api.w.org\/{rel}","templated":true}]}}